*x + 630 = -5*q + 2215. Suppose w - x = 4*b, -w + 198 = 2*b - 93. What are the prime factors of w?
13, 23
Let y(w) = 1251*w**3 + w**2 - 7*w + 14. List the prime factors of y(2).
2, 2503
Let p(j) = -j**2 + 32*j - 100. Let t be p(5). Suppose -2118 - 4532 = -t*m. What are the prime factors of m?
2, 5, 19
Suppose -j = 5*y - 1, j = 3*j + 5*y + 3. Let l = j - -7. Suppose -l*k + 59 = r, 2*r - r - k - 39 = 0. What are the prime factors of r?
2, 11
Let t be (-7383)/(-9) - (-4)/6. Suppose 0 = 4*j + 4*w - 832, 5 + t = 4*j + w. Let d = j + -129. What are the prime factors of d?
7, 11
Let k = 71377 + -32258. List the prime factors of k.
39119
Let b be (56/42)/(2/6). Let l be (6369 + 0)*(-3 + b). What are the prime factors of 2/8 + l/44?
5, 29
What are the prime factors of 0 + 12/(-9) - (-3053062)/174?
5, 11, 29
Let i = -152 + 125. List the prime factors of 36/i*(-63)/2.
2, 3, 7
Let l(u) = 9*u**2 - 4*u + 3. Let v be l(1). Let d be 77/28 - 6/v. What are the prime factors of 8/(-12)*(-279)/d?
3, 31
Let d(o) = -7*o + 6. Let h(u) = -11*u + 11. Let s(y) = -5*d(y) + 3*h(y). Let m be (-94)/(-14) - 2/(-7). List the prime factors of s(m).
17
Let y be 7 + (-2)/((-18)/(-28593)). Let d = -1331 - y. What are the prime factors of d?
3, 613
Suppose 153*m - 1293820 = 275662 - 285659. List the prime factors of m.
3, 2797
Suppose 4*y - 2*k - 139 = 79, y + 5*k - 71 = 0. Suppose y = 2*q - 0. What are the prime factors of q?
2, 7
What are the prime factors of 12 - (1 + -1339 - -11)?
13, 103
Let f = 333 + -327. Suppose 3*q - f = -0*q, 3*c + 2*q - 46 = 0. What are the prime factors of c?
2, 7
Let i(n) = n**3 - 7*n**2 + 17*n + 18. Let c(y) = 9*y - 107. Let m be c(13). List the prime factors of i(m).
2, 61
List the prime factors of (2 - 3)/((-111199)/(-1170015) + 4/(-42)).
5, 1013
Suppose -704001 - 1164939 - 274488 = -316*b. List the prime factors of b.
3, 7, 17, 19
Let o = -20 - -37. Suppose -o*r = -21*r + 944. Suppose a - r = -3*a. List the prime factors of a.
59
Let w(r) = -16*r**3 + r**2 + 12*r - 26. Let q be w(2). What are the prime factors of (q/(-4))/3*(-13968)/(-108)?
2, 7, 97
Let b(l) = l**3 - 8*l**2 + l - 5. Suppose -10 = 5*m, 2*m + 0*m = 5*a - 44. Let o be b(a). Suppose -c + 3 = -o. List the prime factors of c.
2, 3
Suppose 0 = 15*s - 54924 - 63216. What are the prime factors of s?
2, 11, 179
Let v(n) = -n**3 - 19*n**2 - 14*n - 96. Suppose 19*r = 42 - 403. What are the prime factors of v(r)?
2, 5, 17
Let d(w) = w**3 - w**2 + w + 2. Let f be d(0). Suppose -k + f*o - 3 = -19, 2*o = -4*k + 94. Suppose k*q = 19*q + 150. What are the prime factors of q?
2, 5
Let o = -4683 + 9460. What are the prime factors of o?
17, 281
List the prime factors of (68740/(-6))/(-5)*6.
2, 7, 491
Let t = 446 - 440. Let f(d) = 9*d + 4. Let o(q) = -28*q - 13. Let y(h) = -11*f(h) - 4*o(h). List the prime factors of y(t).
2, 43
Let l(y) = y**3 + 7*y**2 + 7*y + 6. Let h be l(-6). Let r(a) = 59 + 7*a**3 + 52*a - 19*a - 6*a**3 - 32*a + 2*a**2. List the prime factors of r(h).
59
Suppose 0 = 501*p - 506*p - 60. What are the prime factors of (-123*p/10)/(18/45)?
3, 41
Let a = 626 - 422. Let h = a + -94. Suppose 264 = 5*x - 2*u - 338, 0 = x - 3*u - h. What are the prime factors of x?
2, 61
Suppose -50*b - 44*b + 6*b + 2923272 = 0. List the prime factors of b.
3, 3691
Let k(o) = o**3 + 6*o**2 - 12*o - 3. Let w be k(-7). Suppose 7134 = -w*g + 20990. What are the prime factors of g?
433
Suppose 0 = 2*v - 4, 2*a + v + 0*v - 5552 = 0. Let z = a - 1549. What are the prime factors of z?
2, 613
Let d = -34 - -27. Let z be 1316/24 - d/42. Suppose -3*t + 533 + z = 0. What are the prime factors of t?
2, 7
Suppose -12555 = -6*u + 19269. Suppose 6*q + u = 9*q. List the prime factors of q.
2, 13, 17
Let k = 14164 - -3053. List the prime factors of k.
3, 1913
Let g(u) be the second derivative of -u**3/2 + u**2 - 16*u. Let r be g(9). Let v = 118 - r. What are the prime factors of v?
11, 13
List the prime factors of ((-209)/(-627))/((-2)/(-61002)).
3, 3389
Let f(y) = -y. Let u(k) = 117*k + 3. Let w(d) = 90*f(d) + 5*u(d). Let l be w(-7). List the prime factors of 4/22 - l/22.
157
Let b(c) = -41*c**3 + 2*c**2 - c + 1. Let j = 153 - 155. What are the prime factors of b(j)?
3, 113
Let p(o) = 70*o**2 + 7*o + 2. Let n = -135 + 133. What are the prime factors of p(n)?
2, 67
Suppose 0 = -3*t - 19 + 16. Let l = 26 + t. List the prime factors of (140/l)/(4/10).
2, 7
Suppose -19*z = -1308 - 288. List the prime factors of (0 + 12)/(z/1568).
2, 7
Let s(y) = 2*y - 11. Let o be s(5). Let c(j) = 25*j**3 + j + 1. Let z be c(o). Let b = 97 - z. What are the prime factors of b?
2, 61
What are the prime factors of (21/4)/(((-3)/(-30))/(5838/105))?
3, 7, 139
Let y(b) = -2*b**3 + 99*b**2 - 84*b + 79. What are the prime factors of y(42)?
23011
Suppose 0 = -0*i - i + 5*m + 392, i - 400 = m. Let l = 986 + i. List the prime factors of l.
2, 347
Suppose -2*i + 3728 = 4*h, -5*i + h = 2*h - 9383. What are the prime factors of i?
2, 3, 313
Let p = -124 + 142. Suppose -s = -p*s + 5083. List the prime factors of s.
13, 23
Suppose 12*f - 908 = 1444. Suppose -150 = -9*x + 14*x. Let q = f + x. What are the prime factors of q?
2, 83
Let d(x) = 1159*x**2 + 40*x - 175. What are the prime factors of d(4)?
7, 2647
Let g(c) = 147*c + 8. Let n(m) = m**2 - 13*m + 13. Let f be n(12). What are the prime factors of g(f)?
5, 31
Suppose -4487 = 17*n - 19*n + 20309. List the prime factors of n.
2, 6199
Let i(k) = 1956*k**2 - 108*k - 230. What are the prime factors of i(-2)?
2, 5, 11, 71
Let h(i) = -37 - 27*i - 7*i + 3 + 11 - 16. List the prime factors of h(-6).
3, 5, 11
Suppose -2628 = -179*x + 188*x. Let s = 812 - x. List the prime factors of s.
2, 3, 23
What are the prime factors of 162027/12 + (-140)/(-80)?
2, 211
Let b = 866 + 159. Let j = b - 540. What are the prime factors of j?
5, 97
Suppose -12*m + 10*m + 10 = 0. Suppose -m*l + 4*l + 747 = 0. Suppose -11*b - l = -1957. List the prime factors of b.
2, 5, 11
Suppose 195*q + 117*q - 1025596 = 70*q. What are the prime factors of q?
2, 13, 163
Let m(z) = z**3 + 125*z**2 + 86*z - 266. List the prime factors of m(-119).
2, 3, 7, 197
Let q be (((-2 - -1) + 1)/(-3))/(-2). Suppose q*v = -2*v + 594. Let a = v + -202. What are the prime factors of a?
5, 19
Suppose -k = -4*u + 7, 0 = -5*u + 6*u + 2*k - 4. List the prime factors of ((u/7)/1)/(1/1337).
2, 191
Let a(y) = y + 28. Let b be a(-24). Let g = 1 + b. Suppose -2*j - g*r + 458 + 44 = 0, 3*j - 4*r = 730. What are the prime factors of j?
2, 3, 41
Let v = -73 - -58. Let s = 25 + v. Suppose r + 3*k - 4*k = 57, 0 = 5*k - s. What are the prime factors of r?
59
Suppose -12*t = -t + 77. What are the prime factors of (1114/3)/(t/(-21))?
2, 557
Suppose 5*o + 14845 = 2*i - 2161, 0 = 4*o - 16. List the prime factors of i.
8513
Suppose -3*l = 3*i + 24, 4*i = 2*l - 7*l - 35. Let d(g) = 16*g**2 - g + 15. List the prime factors of d(i).
2, 3, 5, 7
Let f = -602 - -606. Suppose 0 = -f*v + 1993 + 3111. List the prime factors of v.
2, 11, 29
Let j(g) = -8*g**3 + 7*g**3 + 8*g**2 + 6*g**2 + 7*g**2 - g + 49. What are the prime factors of j(20)?
3, 11, 13
Let n(y) = 1207*y - 6659. List the prime factors of n(11).
2, 3, 1103
Let i = 293 - 293. Suppose 3*q + 4*u - 6003 = i, 0 = -2*q - 6*u + 5*u + 4002. What are the prime factors of q?
3, 23, 29
Suppose 10*s + 4 = -2296. Let x = s + 462. What are the prime factors of x?
2, 29
Let q(w) = w**3 + 36*w**2 - 37*w - 6. Let l be q(-37). List the prime factors of (7 - (-27)/l)/(3/1602).
3, 5, 89
Let y(a) = a + 24. Let z be y(-10). Let j = -9 + z. Suppose j*b - 145 = -c, 70 = -5*b - 5*c + 235. What are the prime factors of b?
2, 7
Let w = 19937 - 11038. List the prime factors of w.
11, 809
Let v(j) = 8*j + 6*j - 19*j**2 + 10*j**2 - 28 - 10*j**2. Let p(k) = 6*k**2 - 5*k + 9. Let r(q) = 7*p(q) + 2*v(q). List the prime factors of r(6).
109
Suppose -15*d - 33 = -26*d. Suppose t - n - 1161 = 0, -3*t + 3491 = 2*n + d*n. List the prime factors of t.
2, 7, 83
Let b(m) = -255*m - 39. Let x be b(-3). Let l = x + 77. List the prime factors of l.
11, 73
Let g(r) = 7*r - 8. Let q be (-2)/(-10) - (-102)/15. Let b = q + -3. List the prime factors of g(b).
2, 5
Let z(f) = 192*f + 12198. List the prime factors of z(0).
2, 3, 19, 107
Let m = -51 - -53. Suppose -201 + 43